{"id":2484,"date":"2024-01-13T16:41:18","date_gmt":"2024-01-13T15:41:18","guid":{"rendered":"https:\/\/www.2puig.com\/?page_id=2484"},"modified":"2024-01-24T17:23:43","modified_gmt":"2024-01-24T16:23:43","slug":"arquitectura","status":"publish","type":"page","link":"https:\/\/www.2puig.com\/es\/arquitectura\/","title":{"rendered":"Arquitectura"},"content":{"rendered":"<p>[et_pb_section fb_built=&#8221;1&#8243; admin_label=&#8221;Header&#8221; _builder_version=&#8221;4.23.4&#8243; _module_preset=&#8221;default&#8221; use_background_color_gradient=&#8221;on&#8221; background_color_gradient_direction=&#8221;110deg&#8221; background_color_gradient_stops=&#8221;#ffffff 27%|rgba(255,255,255,0.5) 100%&#8221; background_color_gradient_overlays_image=&#8221;on&#8221; background_image=&#8221;https:\/\/www.2puig.com\/wp-content\/uploads\/2019\/01\/nordic-cerdanya-homebanner.jpg&#8221; parallax=&#8221;on&#8221; custom_padding=&#8221;8vw||8vw||true|false&#8221; collapsed=&#8221;on&#8221; global_colors_info=&#8221;{}&#8221;][et_pb_row _builder_version=&#8221;4.18.1&#8243; _module_preset=&#8221;default&#8221; global_colors_info=&#8221;{}&#8221;][et_pb_column type=&#8221;4_4&#8243; _builder_version=&#8221;4.18.0&#8243; _module_preset=&#8221;default&#8221; global_colors_info=&#8221;{}&#8221;][et_pb_text _builder_version=&#8221;4.23.4&#8243; _module_preset=&#8221;c16985e1-e0d6-4022-964d-e2bfc04fa633&#8243; header_font=&#8221;Space Grotesk|500|||||||&#8221; header_text_color=&#8221;#000000&#8243; header_font_size=&#8221;80px&#8221; header_line_height=&#8221;1.2em&#8221; header_2_font=&#8221;Space Grotesk||||||||&#8221; header_2_font_size=&#8221;60px&#8221; max_width=&#8221;900px&#8221; header_font_size_tablet=&#8221;40px&#8221; header_font_size_phone=&#8221;24px&#8221; header_font_size_last_edited=&#8221;on|desktop&#8221; global_colors_info=&#8221;{}&#8221;]<\/p>\n<h2>Arquitectura<\/h2>\n<p>[\/et_pb_text][et_pb_text _builder_version=&#8221;4.23.4&#8243; _module_preset=&#8221;518880c8-46c7-4ffa-b5a6-93ffa99dcc17&#8243; text_font=&#8221;Work Sans||||||||&#8221; text_font_size=&#8221;20px&#8221; text_line_height=&#8221;1.6em&#8221; text_font_size_tablet=&#8221;16px&#8221; text_font_size_phone=&#8221;14px&#8221; text_font_size_last_edited=&#8221;on|phone&#8221; global_colors_info=&#8221;{}&#8221;]<\/p>\n<p>La arquitectura aparece con el equilibrio entre el dise\u00f1o del espacio y su funcionalidad. Rehabilitar lo existente y recuperar su fuerza, o dar valor a lo nuevo, es parte fundamental de la obra arquitect\u00f3nica. Materiales, formas y entornos trabajan juntos para el todo que deviene el espacio construido.<\/p>\n<p>[\/et_pb_text][et_pb_code _builder_version=&#8221;4.19.0&#8243; _module_preset=&#8221;default&#8221; global_colors_info=&#8221;{}&#8221;][\/et_pb_code][\/et_pb_column][\/et_pb_row][\/et_pb_section][et_pb_section fb_built=&#8221;1&#8243; admin_label=&#8221;Products&#8221; module_id=&#8221;portfolioGrid&#8221; _builder_version=&#8221;4.16&#8243; custom_padding=&#8221;||2px||false|false&#8221; global_colors_info=&#8221;{}&#8221;][et_pb_row _builder_version=&#8221;4.16&#8243; global_colors_info=&#8221;{}&#8221;][et_pb_column type=&#8221;4_4&#8243; _builder_version=&#8221;4.16&#8243; global_colors_info=&#8221;{}&#8221;][et_pb_text _builder_version=&#8221;4.18.1&#8243; _module_preset=&#8221;b327cbe4-b1d5-4b66-ad37-40c8f2f061ba&#8221; header_2_font=&#8221;Space Grotesk|500|||||||&#8221; header_2_font_size=&#8221;60px&#8221; header_2_line_height=&#8221;1.2em&#8221; header_2_font_size_tablet=&#8221;32px&#8221; header_2_font_size_phone=&#8221;20px&#8221; header_2_font_size_last_edited=&#8221;on|desktop&#8221; global_colors_info=&#8221;{}&#8221;]<\/p>\n<h2 class=\"h2-home\" style=\"text-align: center;\"><span class=\"HwtZe\" jsaction=\"mouseup:Sxi9L,BR6jm; mousedown:qjlr0e\" jsname=\"jqKxS\" lang=\"ca\"><span jsaction=\"agoMJf:PFBcW;MZfLnc:P7O7bd;nt4Alf:pvnm0e,pfE8Hb,PFBcW;B01qod:dJXsye;H1e5u:iXtTIf;lYIUJf:hij5Wb;bmeZHc:iURhpf;Oxj3Xe:qAKMYb,yaf12d\" jsname=\"txFAF\" class=\"jCAhz ChMk0b\" jscontroller=\"Gn4SMb\"><span class=\"ryNqvb\" jsaction=\"click:E6Tfl,GFf3ac,tMZCfe; contextmenu:Nqw7Te,QP7LD; mouseout:Nqw7Te; mouseover:E6Tfl,c2aHje\" jsname=\"W297wb\">Proyectos destacados<\/span><\/span><\/span><\/h2>\n<p>[\/et_pb_text][\/et_pb_column][\/et_pb_row][et_pb_row _builder_version=&#8221;4.16&#8243; width=&#8221;100%&#8221; max_width=&#8221;2560px&#8221; custom_margin=&#8221;||||false|false&#8221; custom_margin_tablet=&#8221;35vw||||false|false&#8221; custom_margin_phone=&#8221;50vw||||false|false&#8221; custom_margin_last_edited=&#8221;off|tablet&#8221; custom_padding=&#8221;||0px||false|false&#8221; locked=&#8221;off&#8221; global_colors_info=&#8221;{}&#8221;][et_pb_column type=&#8221;4_4&#8243; _builder_version=&#8221;4.16&#8243; global_colors_info=&#8221;{}&#8221;][et_pb_filterable_portfolio fullwidth=&#8221;off&#8221; posts_number=&#8221;1000&#8243; include_categories=&#8221;19&#8243; show_categories=&#8221;off&#8221; show_pagination=&#8221;off&#8221; zoom_icon_color=&#8221;#FFFFFF&#8221; hover_overlay_color=&#8221;rgba(0,0,0,0.4)&#8221; hover_icon=&#8221;&#x50;||divi||400&#8243; module_class=&#8221;pa-portfolio-image-1-1&#8243; _builder_version=&#8221;4.23.4&#8243; title_font=&#8221;Space Grotesk||||||||&#8221; title_line_height=&#8221;200%&#8221; filter_font=&#8221;Space Grotesk||||||||&#8221; caption_font=&#8221;Space Grotesk||||||||&#8221; pagination_font=&#8221;Space Grotesk||||||||&#8221; text_orientation=&#8221;center&#8221; hover_enabled=&#8221;0&#8243; custom_css_active_portfolio_filter=&#8221;background:#000 !important;||color:#fff !important;&#8221; global_colors_info=&#8221;{}&#8221; sticky_enabled=&#8221;0&#8243;][\/et_pb_filterable_portfolio][\/et_pb_column][\/et_pb_row][\/et_pb_section]<\/p>","protected":false},"excerpt":{"rendered":"<p>ArquitecturaL&#8217;arquitectura apareix amb l&#8217;equilibri entre el disseny de l&#8217;espai i la funcionalitat. Rehabilitar all\u00f2 existent i recuperar la seva for\u00e7a, o donar valor a all\u00f2 nou, \u00e9s part fonamental de l&#8217;obra arquitect\u00f2nica. Materials, formes i entorns treballen junts per tot el que esdev\u00e9 l&#8217;espai constru\u00eft.Projectes destacats<\/p>","protected":false},"author":4,"featured_media":0,"parent":0,"menu_order":0,"comment_status":"closed","ping_status":"closed","template":"","meta":{"_et_pb_use_builder":"on","_et_pb_old_content":"","_et_gb_content_width":""},"acf":[],"yoast_head":"<!-- This site is optimized with the Yoast SEO plugin v21.9.1 - https:\/\/yoast.com\/wordpress\/plugins\/seo\/ -->\n<title>Arquitectura - Alexandre Puig i Flamerich<\/title>\n<meta name=\"robots\" content=\"index, follow, max-snippet:-1, max-image-preview:large, max-video-preview:-1\" \/>\n<link rel=\"canonical\" href=\"https:\/\/www.2puig.com\/es\/arquitectura\/\" \/>\n<meta property=\"og:locale\" content=\"es_ES\" \/>\n<meta property=\"og:type\" content=\"article\" \/>\n<meta property=\"og:title\" content=\"Arquitectura - Alexandre Puig i Flamerich\" \/>\n<meta property=\"og:description\" content=\"ArquitecturaL&#039;arquitectura apareix amb l&#039;equilibri entre el disseny de l&#039;espai i la funcionalitat. Rehabilitar all\u00f2 existent i recuperar la seva for\u00e7a, o donar valor a all\u00f2 nou, \u00e9s part fonamental de l&#039;obra arquitect\u00f2nica. Materials, formes i entorns treballen junts per tot el que esdev\u00e9 l&#039;espai constru\u00eft.Projectes destacats\" \/>\n<meta property=\"og:url\" content=\"https:\/\/www.2puig.com\/es\/arquitectura\/\" \/>\n<meta property=\"og:site_name\" content=\"Alexandre Puig i Flamerich\" \/>\n<meta property=\"article:modified_time\" content=\"2024-01-24T16:23:43+00:00\" \/>\n<meta name=\"twitter:card\" content=\"summary_large_image\" \/>\n<meta name=\"twitter:label1\" content=\"Tiempo de lectura\" \/>\n\t<meta name=\"twitter:data1\" content=\"4 minutos\" \/>\n<script type=\"application\/ld+json\" class=\"yoast-schema-graph\">{\"@context\":\"https:\/\/schema.org\",\"@graph\":[{\"@type\":\"WebPage\",\"@id\":\"https:\/\/www.2puig.com\/arquitectura\/\",\"url\":\"https:\/\/www.2puig.com\/arquitectura\/\",\"name\":\"Arquitectura - Alexandre Puig i Flamerich\",\"isPartOf\":{\"@id\":\"https:\/\/www.2puig.com\/#website\"},\"datePublished\":\"2024-01-13T15:41:18+00:00\",\"dateModified\":\"2024-01-24T16:23:43+00:00\",\"breadcrumb\":{\"@id\":\"https:\/\/www.2puig.com\/arquitectura\/#breadcrumb\"},\"inLanguage\":\"es\",\"potentialAction\":[{\"@type\":\"ReadAction\",\"target\":[\"https:\/\/www.2puig.com\/arquitectura\/\"]}]},{\"@type\":\"BreadcrumbList\",\"@id\":\"https:\/\/www.2puig.com\/arquitectura\/#breadcrumb\",\"itemListElement\":[{\"@type\":\"ListItem\",\"position\":1,\"name\":\"Portada\",\"item\":\"https:\/\/www.2puig.com\/\"},{\"@type\":\"ListItem\",\"position\":2,\"name\":\"Arquitectura\"}]},{\"@type\":\"WebSite\",\"@id\":\"https:\/\/www.2puig.com\/#website\",\"url\":\"https:\/\/www.2puig.com\/\",\"name\":\"Alexandre Puig i Flamerich\",\"description\":\"Architects\",\"potentialAction\":[{\"@type\":\"SearchAction\",\"target\":{\"@type\":\"EntryPoint\",\"urlTemplate\":\"https:\/\/www.2puig.com\/?s={search_term_string}\"},\"query-input\":\"required name=search_term_string\"}],\"inLanguage\":\"es\"}]}<\/script>\n<!-- \/ Yoast SEO plugin. -->","yoast_head_json":{"title":"Arquitectura - Alexandre Puig i Flamerich","robots":{"index":"index","follow":"follow","max-snippet":"max-snippet:-1","max-image-preview":"max-image-preview:large","max-video-preview":"max-video-preview:-1"},"canonical":"https:\/\/www.2puig.com\/es\/arquitectura\/","og_locale":"es_ES","og_type":"article","og_title":"Arquitectura - Alexandre Puig i Flamerich","og_description":"ArquitecturaL'arquitectura apareix amb l'equilibri entre el disseny de l'espai i la funcionalitat. Rehabilitar all\u00f2 existent i recuperar la seva for\u00e7a, o donar valor a all\u00f2 nou, \u00e9s part fonamental de l'obra arquitect\u00f2nica. Materials, formes i entorns treballen junts per tot el que esdev\u00e9 l'espai constru\u00eft.Projectes destacats","og_url":"https:\/\/www.2puig.com\/es\/arquitectura\/","og_site_name":"Alexandre Puig i Flamerich","article_modified_time":"2024-01-24T16:23:43+00:00","twitter_card":"summary_large_image","twitter_misc":{"Tiempo de lectura":"4 minutos"},"schema":{"@context":"https:\/\/schema.org","@graph":[{"@type":"WebPage","@id":"https:\/\/www.2puig.com\/arquitectura\/","url":"https:\/\/www.2puig.com\/arquitectura\/","name":"Arquitectura - Alexandre Puig i Flamerich","isPartOf":{"@id":"https:\/\/www.2puig.com\/#website"},"datePublished":"2024-01-13T15:41:18+00:00","dateModified":"2024-01-24T16:23:43+00:00","breadcrumb":{"@id":"https:\/\/www.2puig.com\/arquitectura\/#breadcrumb"},"inLanguage":"es","potentialAction":[{"@type":"ReadAction","target":["https:\/\/www.2puig.com\/arquitectura\/"]}]},{"@type":"BreadcrumbList","@id":"https:\/\/www.2puig.com\/arquitectura\/#breadcrumb","itemListElement":[{"@type":"ListItem","position":1,"name":"Portada","item":"https:\/\/www.2puig.com\/"},{"@type":"ListItem","position":2,"name":"Arquitectura"}]},{"@type":"WebSite","@id":"https:\/\/www.2puig.com\/#website","url":"https:\/\/www.2puig.com\/","name":"Alexandre Puig i Flamerich","description":"Architects","potentialAction":[{"@type":"SearchAction","target":{"@type":"EntryPoint","urlTemplate":"https:\/\/www.2puig.com\/?s={search_term_string}"},"query-input":"required name=search_term_string"}],"inLanguage":"es"}]}},"_links":{"self":[{"href":"https:\/\/www.2puig.com\/es\/wp-json\/wp\/v2\/pages\/2484"}],"collection":[{"href":"https:\/\/www.2puig.com\/es\/wp-json\/wp\/v2\/pages"}],"about":[{"href":"https:\/\/www.2puig.com\/es\/wp-json\/wp\/v2\/types\/page"}],"author":[{"embeddable":true,"href":"https:\/\/www.2puig.com\/es\/wp-json\/wp\/v2\/users\/4"}],"replies":[{"embeddable":true,"href":"https:\/\/www.2puig.com\/es\/wp-json\/wp\/v2\/comments?post=2484"}],"version-history":[{"count":16,"href":"https:\/\/www.2puig.com\/es\/wp-json\/wp\/v2\/pages\/2484\/revisions"}],"predecessor-version":[{"id":2690,"href":"https:\/\/www.2puig.com\/es\/wp-json\/wp\/v2\/pages\/2484\/revisions\/2690"}],"wp:attachment":[{"href":"https:\/\/www.2puig.com\/es\/wp-json\/wp\/v2\/media?parent=2484"}],"curies":[{"name":"wp","href":"https:\/\/api.w.org\/{rel}","templated":true}]}}

<p>[et_pb_section fb_built=&#8221;1&#8243; admin_label=&#8221;Header&#8221; _builder_version=&#8221;4.23.4&#8243; _module_preset=&#8221;default&#8221; use_background_color_gradient=&#8221;on&#8221; background_color_gradient_direction=&#8221;110deg&#8221; background_color_gradient_stops=&#8221;#ffffff 27%|rgba(255,255,255,0.5) 100%&#8221; background_color_gradient_overlays_image=&#8221;on&#8221; background_image=&#8221;https://www.2puig.com/wp-content/uploads/2019/01/nordic-cerdanya-homebanner.jpg&#8221; parallax=&#8221;on&#8221; custom_padding=&#8221;8vw||8vw||true|false&#8221; collapsed=&#8221;on&#8221; global_colors_info=&#8221;{}&#8221;][et_pb_row _builder_version=&#8221;4.18.1&#8243; _module_preset=&#8221;default&#8221; global_colors_info=&#8221;{}&#8221;][et_pb_column type=&#8221;4_4&#8243; _builder_version=&#8221;4.18.0&#8243; _module_preset=&#8221;default&#8221; global_colors_info=&#8221;{}&#8221;][et_pb_text _builder_version=&#8221;4.23.4&#8243; _module_preset=&#8221;c16985e1-e0d6-4022-964d-e2bfc04fa633&#8243; header_font=&#8221;Space Grotesk|500|||||||&#8221; header_text_color=&#8221;#000000&#8243; header_font_size=&#8221;80px&#8221; header_line_height=&#8221;1.2em&#8221; header_2_font=&#8221;Space Grotesk||||||||&#8221; header_2_font_size=&#8221;60px&#8221; max_width=&#8221;900px&#8221; header_font_size_tablet=&#8221;40px&#8221; header_font_size_phone=&#8221;24px&#8221; header_font_size_last_edited=&#8221;on|desktop&#8221; global_colors_info=&#8221;{}&#8221;]</p>
<h2>Arquitectura</h2>
<p>[/et_pb_text][et_pb_text _builder_version=&#8221;4.23.4&#8243; _module_preset=&#8221;518880c8-46c7-4ffa-b5a6-93ffa99dcc17&#8243; text_font=&#8221;Work Sans||||||||&#8221; text_font_size=&#8221;20px&#8221; text_line_height=&#8221;1.6em&#8221; text_font_size_tablet=&#8221;16px&#8221; text_font_size_phone=&#8221;14px&#8221; text_font_size_last_edited=&#8221;on|phone&#8221; global_colors_info=&#8221;{}&#8221;]</p>
<p>La arquitectura aparece con el equilibrio entre el diseño del espacio y su funcionalidad. Rehabilitar lo existente y recuperar su fuerza, o dar valor a lo nuevo, es parte fundamental de la obra arquitectónica. Materiales, formas y entornos trabajan juntos para el todo que deviene el espacio construido.</p>
<p>[/et_pb_text][et_pb_code _builder_version=&#8221;4.19.0&#8243; _module_preset=&#8221;default&#8221; global_colors_info=&#8221;{}&#8221;][/et_pb_code][/et_pb_column][/et_pb_row][/et_pb_section][et_pb_section fb_built=&#8221;1&#8243; admin_label=&#8221;Products&#8221; module_id=&#8221;portfolioGrid&#8221; _builder_version=&#8221;4.16&#8243; custom_padding=&#8221;||2px||false|false&#8221; global_colors_info=&#8221;{}&#8221;][et_pb_row _builder_version=&#8221;4.16&#8243; global_colors_info=&#8221;{}&#8221;][et_pb_column type=&#8221;4_4&#8243; _builder_version=&#8221;4.16&#8243; global_colors_info=&#8221;{}&#8221;][et_pb_text _builder_version=&#8221;4.18.1&#8243; _module_preset=&#8221;b327cbe4-b1d5-4b66-ad37-40c8f2f061ba&#8221; header_2_font=&#8221;Space Grotesk|500|||||||&#8221; header_2_font_size=&#8221;60px&#8221; header_2_line_height=&#8221;1.2em&#8221; header_2_font_size_tablet=&#8221;32px&#8221; header_2_font_size_phone=&#8221;20px&#8221; header_2_font_size_last_edited=&#8221;on|desktop&#8221; global_colors_info=&#8221;{}&#8221;]</p>
<h2 class="h2-home" style="text-align: center;"><span class="HwtZe" jsaction="mouseup:Sxi9L,BR6jm; mousedown:qjlr0e" jsname="jqKxS" lang="ca"><span jsaction="agoMJf:PFBcW;MZfLnc:P7O7bd;nt4Alf:pvnm0e,pfE8Hb,PFBcW;B01qod:dJXsye;H1e5u:iXtTIf;lYIUJf:hij5Wb;bmeZHc:iURhpf;Oxj3Xe:qAKMYb,yaf12d" jsname="txFAF" class="jCAhz ChMk0b" jscontroller="Gn4SMb"><span class="ryNqvb" jsaction="click:E6Tfl,GFf3ac,tMZCfe; contextmenu:Nqw7Te,QP7LD; mouseout:Nqw7Te; mouseover:E6Tfl,c2aHje" jsname="W297wb">Proyectos destacados</span></span></span></h2>
<p>[/et_pb_text][/et_pb_column][/et_pb_row][et_pb_row _builder_version=&#8221;4.16&#8243; width=&#8221;100%&#8221; max_width=&#8221;2560px&#8221; custom_margin=&#8221;||||false|false&#8221; custom_margin_tablet=&#8221;35vw||||false|false&#8221; custom_margin_phone=&#8221;50vw||||false|false&#8221; custom_margin_last_edited=&#8221;off|tablet&#8221; custom_padding=&#8221;||0px||false|false&#8221; locked=&#8221;off&#8221; global_colors_info=&#8221;{}&#8221;][et_pb_column type=&#8221;4_4&#8243; _builder_version=&#8221;4.16&#8243; global_colors_info=&#8221;{}&#8221;][et_pb_filterable_portfolio fullwidth=&#8221;off&#8221; posts_number=&#8221;1000&#8243; include_categories=&#8221;19&#8243; show_categories=&#8221;off&#8221; show_pagination=&#8221;off&#8221; zoom_icon_color=&#8221;#FFFFFF&#8221; hover_overlay_color=&#8221;rgba(0,0,0,0.4)&#8221; hover_icon=&#8221;&#x50;||divi||400&#8243; module_class=&#8221;pa-portfolio-image-1-1&#8243; _builder_version=&#8221;4.23.4&#8243; title_font=&#8221;Space Grotesk||||||||&#8221; title_line_height=&#8221;200%&#8221; filter_font=&#8221;Space Grotesk||||||||&#8221; caption_font=&#8221;Space Grotesk||||||||&#8221; pagination_font=&#8221;Space Grotesk||||||||&#8221; text_orientation=&#8221;center&#8221; hover_enabled=&#8221;0&#8243; custom_css_active_portfolio_filter=&#8221;background:#000 !important;||color:#fff !important;&#8221; global_colors_info=&#8221;{}&#8221; sticky_enabled=&#8221;0&#8243;][/et_pb_filterable_portfolio][/et_pb_column][/et_pb_row][/et_pb_section]</p>

<p>ArquitecturaL&#8217;arquitectura apareix amb l&#8217;equilibri entre el disseny de l&#8217;espai i la funcionalitat. Rehabilitar allò existent i recuperar la seva força, o donar valor a allò nou, és part fonamental de l&#8217;obra arquitectònica. Materials, formes i entorns treballen junts per tot el que esdevé l&#8217;espai construït.Projectes destacats</p>

<!-- This site is optimized with the Yoast SEO plugin v21.9.1 - https://yoast.com/wordpress/plugins/seo/ -->
<title>Arquitectura - Alexandre Puig i Flamerich</title>
<meta name="robots" content="index, follow, max-snippet:-1, max-image-preview:large, max-video-preview:-1" />
<link rel="canonical" href="https://www.2puig.com/es/arquitectura/" />
<meta property="og:locale" content="es_ES" />
<meta property="og:type" content="article" />
<meta property="og:title" content="Arquitectura - Alexandre Puig i Flamerich" />
<meta property="og:description" content="ArquitecturaL&#039;arquitectura apareix amb l&#039;equilibri entre el disseny de l&#039;espai i la funcionalitat. Rehabilitar allò existent i recuperar la seva força, o donar valor a allò nou, és part fonamental de l&#039;obra arquitectònica. Materials, formes i entorns treballen junts per tot el que esdevé l&#039;espai construït.Projectes destacats" />
<meta property="og:url" content="https://www.2puig.com/es/arquitectura/" />
<meta property="og:site_name" content="Alexandre Puig i Flamerich" />
<meta property="article:modified_time" content="2024-01-24T16:23:43+00:00" />
<meta name="twitter:card" content="summary_large_image" />
<meta name="twitter:label1" content="Tiempo de lectura" />
	<meta name="twitter:data1" content="4 minutos" />
<script type="application/ld+json" class="yoast-schema-graph">{"@context":"https://schema.org","@graph":[{"@type":"WebPage","@id":"https://www.2puig.com/arquitectura/","url":"https://www.2puig.com/arquitectura/","name":"Arquitectura - Alexandre Puig i Flamerich","isPartOf":{"@id":"https://www.2puig.com/#website"},"datePublished":"2024-01-13T15:41:18+00:00","dateModified":"2024-01-24T16:23:43+00:00","breadcrumb":{"@id":"https://www.2puig.com/arquitectura/#breadcrumb"},"inLanguage":"es","potentialAction":[{"@type":"ReadAction","target":["https://www.2puig.com/arquitectura/"]}]},{"@type":"BreadcrumbList","@id":"https://www.2puig.com/arquitectura/#breadcrumb","itemListElement":[{"@type":"ListItem","position":1,"name":"Portada","item":"https://www.2puig.com/"},{"@type":"ListItem","position":2,"name":"Arquitectura"}]},{"@type":"WebSite","@id":"https://www.2puig.com/#website","url":"https://www.2puig.com/","name":"Alexandre Puig i Flamerich","description":"Architects","potentialAction":[{"@type":"SearchAction","target":{"@type":"EntryPoint","urlTemplate":"https://www.2puig.com/?s={search_term_string}"},"query-input":"required name=search_term_string"}],"inLanguage":"es"}]}</script>
<!-- / Yoast SEO plugin. -->

ArquitecturaL'arquitectura apareix amb l'equilibri entre el disseny de l'espai i la funcionalitat. Rehabilitar allò existent i recuperar la seva força, o donar valor a allò nou, és part fonamental de l'obra arquitectònica. Materials, formes i entorns treballen junts per tot el que esdevé l'espai construït.Projectes destacats
