{"id":2635,"date":"2024-01-18T02:35:23","date_gmt":"2024-01-18T01:35:23","guid":{"rendered":"https:\/\/www.2puig.com\/?post_type=project&#038;p=2635"},"modified":"2024-07-18T15:10:21","modified_gmt":"2024-07-18T14:10:21","slug":"equipament-sociocultural","status":"publish","type":"project","link":"https:\/\/www.2puig.com\/es\/project\/equipament-sociocultural\/","title":{"rendered":"Equipamiento sociocultural"},"content":{"rendered":"<p>El Centro Sociocultural nace a partir de sus actividades interiores, de sus usuarios y programa, que son los protagonistas. Pero tambi\u00e9n con la voluntad de mostrar su interior a los habitantes de la poblaci\u00f3n. La m\u00fasica que resuena en su interior y su armon\u00eda, son partituras que transitan por los espacios del edificio mientras tienen lugar las diferentes actividades, que acaban explotando hacia el exterior.<\/p>\n<p>La volumetr\u00eda del edificio nace del concepto de la caja de m\u00fasica, que contiene en su interior el engranaje de las actividades que dan vida al edificio hasta salir fuera.<\/p>\n<p>El edificio se compone de un volumen macizo de obra de f\u00e1brica (ladrillo visto) que, a trav\u00e9s de la incisi\u00f3n de una caja de luz, que permite que penetre la iluminaci\u00f3n natural al interior, se abre al exterior. Esta caja inicial de ladrillo se va desconfigurando a fin de proporcionar a cada actividad interior las aberturas y vistas del exterior que requieren. Un edificio para los usuarios y como aparador din\u00e1mico de las actividades socioculturales de Alella para los viandantes.<\/p>","protected":false},"excerpt":{"rendered":"<p>El Centre Sociocultural neix a partir de les activitats interiors, dels usuaris i el programa, que en s\u00f3n els protagonistes. Per\u00f2 tamb\u00e9 amb la voluntat de mostrar el seu interior als habitants de la poblaci\u00f3. La m\u00fasica que ressona al seu interior i la seva harmonia s\u00f3n unes partitures que transiten pels espais de l&#8217;edifici [&hellip;]<\/p>","protected":false},"author":4,"featured_media":1047,"comment_status":"closed","ping_status":"closed","template":"","meta":{"_et_pb_use_builder":"","_et_pb_old_content":"","_et_gb_content_width":""},"project_category":[19],"project_tag":[],"acf":[],"yoast_head":"<!-- This site is optimized with the Yoast SEO plugin v21.9.1 - https:\/\/yoast.com\/wordpress\/plugins\/seo\/ -->\n<title>Equipament sociocultural - Alexandre Puig i Flamerich<\/title>\n<meta name=\"robots\" content=\"index, follow, max-snippet:-1, max-image-preview:large, max-video-preview:-1\" \/>\n<link rel=\"canonical\" href=\"https:\/\/www.2puig.com\/es\/project\/equipament-sociocultural\/\" \/>\n<meta property=\"og:locale\" content=\"es_ES\" \/>\n<meta property=\"og:type\" content=\"article\" \/>\n<meta property=\"og:title\" content=\"Equipament sociocultural - Alexandre Puig i Flamerich\" \/>\n<meta property=\"og:description\" content=\"El Centre Sociocultural neix a partir de les activitats interiors, dels usuaris i el programa, que en s\u00f3n els protagonistes. Per\u00f2 tamb\u00e9 amb la voluntat de mostrar el seu interior als habitants de la poblaci\u00f3. La m\u00fasica que ressona al seu interior i la seva harmonia s\u00f3n unes partitures que transiten pels espais de l&#8217;edifici [&hellip;]\" \/>\n<meta property=\"og:url\" content=\"https:\/\/www.2puig.com\/es\/project\/equipament-sociocultural\/\" \/>\n<meta property=\"og:site_name\" content=\"Alexandre Puig i Flamerich\" \/>\n<meta property=\"article:modified_time\" content=\"2024-07-18T14:10:21+00:00\" \/>\n<meta property=\"og:image\" content=\"https:\/\/www.2puig.com\/wp-content\/uploads\/2015\/08\/alella-socio-cultural-1.jpg\" \/>\n\t<meta property=\"og:image:width\" content=\"2000\" \/>\n\t<meta property=\"og:image:height\" content=\"1000\" \/>\n\t<meta property=\"og:image:type\" content=\"image\/jpeg\" \/>\n<meta name=\"twitter:card\" content=\"summary_large_image\" \/>\n<meta name=\"twitter:label1\" content=\"Tiempo de lectura\" \/>\n\t<meta name=\"twitter:data1\" content=\"2 minutos\" \/>\n<script type=\"application\/ld+json\" class=\"yoast-schema-graph\">{\"@context\":\"https:\/\/schema.org\",\"@graph\":[{\"@type\":\"WebPage\",\"@id\":\"https:\/\/www.2puig.com\/project\/equipament-sociocultural\/\",\"url\":\"https:\/\/www.2puig.com\/project\/equipament-sociocultural\/\",\"name\":\"Equipament sociocultural - Alexandre Puig i Flamerich\",\"isPartOf\":{\"@id\":\"https:\/\/www.2puig.com\/#website\"},\"datePublished\":\"2024-01-18T01:35:23+00:00\",\"dateModified\":\"2024-07-18T14:10:21+00:00\",\"breadcrumb\":{\"@id\":\"https:\/\/www.2puig.com\/project\/equipament-sociocultural\/#breadcrumb\"},\"inLanguage\":\"es\",\"potentialAction\":[{\"@type\":\"ReadAction\",\"target\":[\"https:\/\/www.2puig.com\/project\/equipament-sociocultural\/\"]}]},{\"@type\":\"BreadcrumbList\",\"@id\":\"https:\/\/www.2puig.com\/project\/equipament-sociocultural\/#breadcrumb\",\"itemListElement\":[{\"@type\":\"ListItem\",\"position\":1,\"name\":\"Portada\",\"item\":\"https:\/\/www.2puig.com\/\"},{\"@type\":\"ListItem\",\"position\":2,\"name\":\"Projects\",\"item\":\"https:\/\/www.2puig.com\/project\/\"},{\"@type\":\"ListItem\",\"position\":3,\"name\":\"Equipament sociocultural\"}]},{\"@type\":\"WebSite\",\"@id\":\"https:\/\/www.2puig.com\/#website\",\"url\":\"https:\/\/www.2puig.com\/\",\"name\":\"Alexandre Puig i Flamerich\",\"description\":\"Architects\",\"potentialAction\":[{\"@type\":\"SearchAction\",\"target\":{\"@type\":\"EntryPoint\",\"urlTemplate\":\"https:\/\/www.2puig.com\/?s={search_term_string}\"},\"query-input\":\"required name=search_term_string\"}],\"inLanguage\":\"es\"}]}<\/script>\n<!-- \/ Yoast SEO plugin. -->","yoast_head_json":{"title":"Equipament sociocultural - Alexandre Puig i Flamerich","robots":{"index":"index","follow":"follow","max-snippet":"max-snippet:-1","max-image-preview":"max-image-preview:large","max-video-preview":"max-video-preview:-1"},"canonical":"https:\/\/www.2puig.com\/es\/project\/equipament-sociocultural\/","og_locale":"es_ES","og_type":"article","og_title":"Equipament sociocultural - Alexandre Puig i Flamerich","og_description":"El Centre Sociocultural neix a partir de les activitats interiors, dels usuaris i el programa, que en s\u00f3n els protagonistes. Per\u00f2 tamb\u00e9 amb la voluntat de mostrar el seu interior als habitants de la poblaci\u00f3. La m\u00fasica que ressona al seu interior i la seva harmonia s\u00f3n unes partitures que transiten pels espais de l&#8217;edifici [&hellip;]","og_url":"https:\/\/www.2puig.com\/es\/project\/equipament-sociocultural\/","og_site_name":"Alexandre Puig i Flamerich","article_modified_time":"2024-07-18T14:10:21+00:00","og_image":[{"width":2000,"height":1000,"url":"https:\/\/www.2puig.com\/wp-content\/uploads\/2015\/08\/alella-socio-cultural-1.jpg","type":"image\/jpeg"}],"twitter_card":"summary_large_image","twitter_misc":{"Tiempo de lectura":"2 minutos"},"schema":{"@context":"https:\/\/schema.org","@graph":[{"@type":"WebPage","@id":"https:\/\/www.2puig.com\/project\/equipament-sociocultural\/","url":"https:\/\/www.2puig.com\/project\/equipament-sociocultural\/","name":"Equipament sociocultural - Alexandre Puig i Flamerich","isPartOf":{"@id":"https:\/\/www.2puig.com\/#website"},"datePublished":"2024-01-18T01:35:23+00:00","dateModified":"2024-07-18T14:10:21+00:00","breadcrumb":{"@id":"https:\/\/www.2puig.com\/project\/equipament-sociocultural\/#breadcrumb"},"inLanguage":"es","potentialAction":[{"@type":"ReadAction","target":["https:\/\/www.2puig.com\/project\/equipament-sociocultural\/"]}]},{"@type":"BreadcrumbList","@id":"https:\/\/www.2puig.com\/project\/equipament-sociocultural\/#breadcrumb","itemListElement":[{"@type":"ListItem","position":1,"name":"Portada","item":"https:\/\/www.2puig.com\/"},{"@type":"ListItem","position":2,"name":"Projects","item":"https:\/\/www.2puig.com\/project\/"},{"@type":"ListItem","position":3,"name":"Equipament sociocultural"}]},{"@type":"WebSite","@id":"https:\/\/www.2puig.com\/#website","url":"https:\/\/www.2puig.com\/","name":"Alexandre Puig i Flamerich","description":"Architects","potentialAction":[{"@type":"SearchAction","target":{"@type":"EntryPoint","urlTemplate":"https:\/\/www.2puig.com\/?s={search_term_string}"},"query-input":"required name=search_term_string"}],"inLanguage":"es"}]}},"_links":{"self":[{"href":"https:\/\/www.2puig.com\/es\/wp-json\/wp\/v2\/project\/2635"}],"collection":[{"href":"https:\/\/www.2puig.com\/es\/wp-json\/wp\/v2\/project"}],"about":[{"href":"https:\/\/www.2puig.com\/es\/wp-json\/wp\/v2\/types\/project"}],"author":[{"embeddable":true,"href":"https:\/\/www.2puig.com\/es\/wp-json\/wp\/v2\/users\/4"}],"replies":[{"embeddable":true,"href":"https:\/\/www.2puig.com\/es\/wp-json\/wp\/v2\/comments?post=2635"}],"version-history":[{"count":5,"href":"https:\/\/www.2puig.com\/es\/wp-json\/wp\/v2\/project\/2635\/revisions"}],"predecessor-version":[{"id":2833,"href":"https:\/\/www.2puig.com\/es\/wp-json\/wp\/v2\/project\/2635\/revisions\/2833"}],"wp:featuredmedia":[{"embeddable":true,"href":"https:\/\/www.2puig.com\/es\/wp-json\/wp\/v2\/media\/1047"}],"wp:attachment":[{"href":"https:\/\/www.2puig.com\/es\/wp-json\/wp\/v2\/media?parent=2635"}],"wp:term":[{"taxonomy":"project_category","embeddable":true,"href":"https:\/\/www.2puig.com\/es\/wp-json\/wp\/v2\/project_category?post=2635"},{"taxonomy":"project_tag","embeddable":true,"href":"https:\/\/www.2puig.com\/es\/wp-json\/wp\/v2\/project_tag?post=2635"}],"curies":[{"name":"wp","href":"https:\/\/api.w.org\/{rel}","templated":true}]}}

<p>El Centro Sociocultural nace a partir de sus actividades interiores, de sus usuarios y programa, que son los protagonistas. Pero también con la voluntad de mostrar su interior a los habitantes de la población. La música que resuena en su interior y su armonía, son partituras que transitan por los espacios del edificio mientras tienen lugar las diferentes actividades, que acaban explotando hacia el exterior.</p>
<p>La volumetría del edificio nace del concepto de la caja de música, que contiene en su interior el engranaje de las actividades que dan vida al edificio hasta salir fuera.</p>
<p>El edificio se compone de un volumen macizo de obra de fábrica (ladrillo visto) que, a través de la incisión de una caja de luz, que permite que penetre la iluminación natural al interior, se abre al exterior. Esta caja inicial de ladrillo se va desconfigurando a fin de proporcionar a cada actividad interior las aberturas y vistas del exterior que requieren. Un edificio para los usuarios y como aparador dinámico de las actividades socioculturales de Alella para los viandantes.</p>

<p>El Centre Sociocultural neix a partir de les activitats interiors, dels usuaris i el programa, que en són els protagonistes. Però també amb la voluntat de mostrar el seu interior als habitants de la població. La música que ressona al seu interior i la seva harmonia són unes partitures que transiten pels espais de l&#8217;edifici [&hellip;]</p>

<!-- This site is optimized with the Yoast SEO plugin v21.9.1 - https://yoast.com/wordpress/plugins/seo/ -->
<title>Equipament sociocultural - Alexandre Puig i Flamerich</title>
<meta name="robots" content="index, follow, max-snippet:-1, max-image-preview:large, max-video-preview:-1" />
<link rel="canonical" href="https://www.2puig.com/es/project/equipament-sociocultural/" />
<meta property="og:locale" content="es_ES" />
<meta property="og:type" content="article" />
<meta property="og:title" content="Equipament sociocultural - Alexandre Puig i Flamerich" />
<meta property="og:description" content="El Centre Sociocultural neix a partir de les activitats interiors, dels usuaris i el programa, que en són els protagonistes. Però també amb la voluntat de mostrar el seu interior als habitants de la població. La música que ressona al seu interior i la seva harmonia són unes partitures que transiten pels espais de l&#8217;edifici [&hellip;]" />
<meta property="og:url" content="https://www.2puig.com/es/project/equipament-sociocultural/" />
<meta property="og:site_name" content="Alexandre Puig i Flamerich" />
<meta property="article:modified_time" content="2024-07-18T14:10:21+00:00" />
<meta property="og:image" content="https://www.2puig.com/wp-content/uploads/2015/08/alella-socio-cultural-1.jpg" />
	<meta property="og:image:width" content="2000" />
	<meta property="og:image:height" content="1000" />
	<meta property="og:image:type" content="image/jpeg" />
<meta name="twitter:card" content="summary_large_image" />
<meta name="twitter:label1" content="Tiempo de lectura" />
	<meta name="twitter:data1" content="2 minutos" />
<script type="application/ld+json" class="yoast-schema-graph">{"@context":"https://schema.org","@graph":[{"@type":"WebPage","@id":"https://www.2puig.com/project/equipament-sociocultural/","url":"https://www.2puig.com/project/equipament-sociocultural/","name":"Equipament sociocultural - Alexandre Puig i Flamerich","isPartOf":{"@id":"https://www.2puig.com/#website"},"datePublished":"2024-01-18T01:35:23+00:00","dateModified":"2024-07-18T14:10:21+00:00","breadcrumb":{"@id":"https://www.2puig.com/project/equipament-sociocultural/#breadcrumb"},"inLanguage":"es","potentialAction":[{"@type":"ReadAction","target":["https://www.2puig.com/project/equipament-sociocultural/"]}]},{"@type":"BreadcrumbList","@id":"https://www.2puig.com/project/equipament-sociocultural/#breadcrumb","itemListElement":[{"@type":"ListItem","position":1,"name":"Portada","item":"https://www.2puig.com/"},{"@type":"ListItem","position":2,"name":"Projects","item":"https://www.2puig.com/project/"},{"@type":"ListItem","position":3,"name":"Equipament sociocultural"}]},{"@type":"WebSite","@id":"https://www.2puig.com/#website","url":"https://www.2puig.com/","name":"Alexandre Puig i Flamerich","description":"Architects","potentialAction":[{"@type":"SearchAction","target":{"@type":"EntryPoint","urlTemplate":"https://www.2puig.com/?s={search_term_string}"},"query-input":"required name=search_term_string"}],"inLanguage":"es"}]}</script>
<!-- / Yoast SEO plugin. -->

El Centre Sociocultural neix a partir de les activitats interiors, dels usuaris i el programa, que en són els protagonistes. Però també amb la voluntat de mostrar el seu interior als habitants de la població. La música que ressona al seu interior i la seva harmonia són unes partitures que transiten pels espais de l&#8217;edifici [&hellip;]
